factors of 6738.
2, 3, 1123
What are the prime factors of 690?
2, 3, 5, 23
List the prime factors of 12583.
12583
What are the prime factors of 2773?
47, 59
What are the prime factors of 1268?
2, 317
What are the prime factors of 2069?
2069
List the prime factors of 144558.
2, 3, 2677
What are the prime factors of 1166?
2, 11, 53
What are the prime factors of 24761?
11, 2251
What are the prime factors of 5006?
2, 2503
List the prime factors of 2635.
5, 17, 31
What are the prime factors of 12181?
13, 937
What are the prime factors of 118242?
2, 3, 6569
What are the prime factors of 19857?
3, 6619
List the prime factors of 537.
3, 179
What are the prime factors of 51704?
2, 23, 281
List the prime factors of 2405.
5, 13, 37
List the prime factors of 5772.
2, 3, 13, 37
List the prime factors of 1010.
2, 5, 101
What are the prime factors of 1618?
2, 809
What are the prime factors of 24002?
2, 11, 1091
List the prime factors of 1311.
3, 19, 23
What are the prime factors of 51271?
11, 59, 79
List the prime factors of 277.
277
What are the prime factors of 4666?
2, 2333
What are the prime factors of 961?
31
What are the prime factors of 120?
2, 3, 5
List the prime factors of 9392.
2, 587
What are the prime factors of 6904?
2, 863
List the prime factors of 1484.
2, 7, 53
What are the prime factors of 15645?
3, 5, 7, 149
What are the prime factors of 7420?
2, 5, 7, 53
What are the prime factors of 2718?
2, 3, 151
What are the prime factors of 66551?
61, 1091
What are the prime factors of 46272?
2, 3, 241
List the prime factors of 454.
2, 227
List the prime factors of 10840.
2, 5, 271
List the prime factors of 14780.
2, 5, 739
List the prime factors of 369.
3, 41
List the prime factors of 8748.
2, 3
What are the prime factors of 2969?
2969
List the prime factors of 52277.
61, 857
List the prime factors of 12613.
12613
List the prime factors of 2022.
2, 3, 337
What are the prime factors of 13477?
13477
List the prime factors of 4305.
3, 5, 7, 41
List the prime factors of 2421.
3, 269
List the prime factors of 2807.
7, 401
List the prime factors of 15789.
3, 19, 277
What are the prime factors of 1120?
2, 5, 7
List the prime factors of 837.
3, 31
What are the prime factors of 14870?
2, 5, 1487
List the prime factors of 81261.
3, 9029
What are the prime factors of 4536?
2, 3, 7
List the prime factors of 67783.
67783
What are the prime factors of 57252?
2, 3, 13, 367
What are the prime factors of 1656?
2, 3, 23
List the prime factors of 24162.
2, 3, 4027
List the prime factors of 2229.
3, 743
List the prime factors of 52573.
19, 2767
List the prime factors of 1162.
2, 7, 83
What are the prime factors of 45904?
2, 19, 151
List the prime factors of 447.
3, 149
What are the prime factors of 39378?
2, 3, 6563
What are the prime factors of 4376?
2, 547
List the prime factors of 40563.
3, 4507
List the prime factors of 8553.
3, 2851
What are the prime factors of 5?
5
List the prime factors of 51703.
149, 347
What are the prime factors of 35456?
2, 277
List the prime factors of 51021.
3, 5669
List the prime factors of 6475.
5, 7, 37
List the prime factors of 44007.
3, 14669
What are the prime factors of 1115?
5, 223
List the prime factors of 297.
3, 11
What are the prime factors of 645?
3, 5, 43
List the prime factors of 30755.
5, 6151
What are the prime factors of 114602?
2, 57301
List the prime factors of 1133.
11, 103
List the prime factors of 4842.
2, 3, 269
List the prime factors of 1792.
2, 7
What are the prime factors of 1578?
2, 3, 263
What are the prime factors of 82228?
2, 61, 337
List the prime factors of 2090.
2, 5, 11, 19
List the prime factors of 565.
5, 113
List the prime factors of 3241.
7, 463
List the prime factors of 1782.
2, 3, 11
What are the prime factors of 859?
859
List the prime factors of 1772.
2, 443
What are the prime factors of 5596?
2, 1399
List the prime factors of 184.
2, 23
List the prime factors of 5908.
2, 7, 211
List the prime factors of 75956.
2, 17, 1117
List the prime factors of 6420.
2, 3, 5, 107
What are the prime factors of 45762?
2, 3, 29, 263
List the prime factors of 6677.
11, 607
What are the prime factors of 36807?
3, 12269
What are the prime factors of 594?
2, 3, 11
What are the prime factors of 827?
827
What are the prime factors of 5649?
3, 7, 269
List the prime factors of 23230.
2, 5, 23, 101
List the prime factors of 58979.
58979
What are the prime factors of 4732?
2, 7, 13
What are the prime factors of 494?
2, 13, 19
What are the prime factors of 833?
7, 17
List the prime factors of 31.
31
List the prime factors of 1950.
2, 3, 5, 13
List the prime factors of 1811.
1811
What are the prime factors of 892?
2, 223
What are the prime factors of 11040?
2, 3, 5, 23
What are the prime factors of 59010?
2, 3, 5, 7, 281
What are the prime factors of 24649?
157
List the prime factors of 5141.
53, 97
What are the prime factors of 12967?
12967
What are the prime factors of 10825?
5, 433
List the prime factors of 10731.
3, 7, 73
What are the prime factors of 1312?
2, 41
What are the prime factors of 536?
2, 67
What are the prime factors of 1321?
1321
What are the prime factors of 4602?
2, 3, 13, 59
List the prime factors of 3072.
2, 3
What are the prime factors of 1825?
5, 73
What are the prime factors of 1159?
19, 61
List the prime factors of 338.
2, 13
What are the prime factors of 3260?
2, 5, 163
List the prime factors of 40787.
40787
List the prime factors of 3826.
2, 1913
List the prime factors of 63681.
3, 21227
What are the prime factors of 3216?
2, 3, 67
What are the prime factors of 11062?
2, 5531
List the prime factors of 932.
2, 233
What are the prime factors of 2852?
2, 23, 31
List the prime factors of 2976.
2, 3, 31
What are the prime factors of 4975?
5, 199
What are the prime factors of 9399?
3, 13, 241
List the prime factors of 119967.
3, 39989
What are the prime factors of 7980?
2, 3, 5, 7, 19
List the prime factors of 166625.
5, 31, 43
List the prime factors of 3685.
5, 11, 67
What are the prime factors of 97385?
5, 19477
List the prime factors of 115077.
3, 89, 431
List the prime factors of 12868.
2, 3217
List the prime factors of 18758.
2, 83, 113
What are the prime factors of 3031?
7, 433
List the prime factors of 898.
2, 449
List the prime factors of 47565.
3, 5, 7, 151
What are the prime factors of 15498?
2, 3, 7, 41
What are the prime factors of 1075?
5, 43
List the prime factors of 65899.
65899
What are the prime factors of 520?
2, 5, 13
List the prime factors of 25741.
25741
List the prime factors of 3832.
2, 479
What are the prime factors of 9839?
9839
List the prime factors of 18786.
2, 3, 31, 101
What are the prime factors of 1209?
3, 13, 31
What are the prime factors of 1486?
2, 743
What are the prime factors of 23608?
2, 13, 227
List the prime factors of 49749.
3, 7, 23, 103
What are the prime factors of 2198?
2, 7, 157
What are the prime factors of 1274?
2, 7, 13
What are the prime factors of 253?
11, 23
What are the prime factors of 1723?
1723
What are the prime factors of 13963?
13963
List the prime factors of 1834.
2, 7, 131
List the prime factors of 233.
233
List the prime factors of 20455.
5, 4091
What are the prime factors of 6118?
2, 7, 19, 23
List the prime factors of 24130.
2, 5, 19, 127
List the prime factors of 263.
263
List the prime factors of 12463.
11, 103
List the prime factors of 6122.
2, 3061
What are the prime factors of 6159?
3, 2053
List the prime factors of 2283.
3, 761
List the prime factors of 38832.
2, 3, 809
What are the prime factors of 1001?
7, 11, 13
List the prime factors of 45035.
5, 9007
What are the prime factors of 410?
2, 5, 41
What are the prime factors of 83817?
3, 67, 139
What are the prime factors of 2828?
2, 7, 101
List the prime factors of 103756.
2, 25939
List the prime factors of 5676.
2, 3, 11, 43
List the prime factors of 363.
3, 11
List the prime factors of 607.
607
List the prime factors of 9343.
9343
What are the prime factors of 38494?
2, 19, 1013
What are the prime factors of 1623?
3, 541
What are the prime factors of 16762?
2, 17, 29
What are the prime factors of 2483?
13, 191
What are the prime factors of 3306?
2, 3, 19, 29
What are the prime factors of 1876?
2, 7, 67
What are the prime factors of 8636?
2, 17, 127
What are the prime factors 